est common factor of 49061 and 49771?
71
Calculate the highest common divisor of 81467651 and 1299.
433
Calculate the greatest common divisor of 24 and 130805112.
24
What is the greatest common factor of 1971286 and 11322?
1258
What is the highest common factor of 6265724 and 1?
1
What is the greatest common divisor of 3964 and 603247466?
1982
What is the highest common divisor of 2788788 and 4298?
614
What is the greatest common factor of 1507870 and 3094?
182
Calculate the highest common factor of 2241 and 1506718422.
2241
Calculate the highest common factor of 454396 and 1130068.
188
Calculate the greatest common factor of 967081 and 1311.
437
What is the highest common divisor of 82331185 and 948295?
10655
Calculate the highest common divisor of 502009 and 4566363.
619
What is the highest common factor of 17736763 and 374?
187
Calculate the greatest common factor of 312 and 1487256.
24
What is the highest common factor of 211491 and 244377?
567
What is the highest common divisor of 29733 and 8503?
11
Calculate the greatest common factor of 1425 and 63416300.
475
What is the highest common divisor of 25284 and 16048632?
516
What is the highest common divisor of 114162 and 415722?
2154
Calculate the highest common factor of 751104 and 12225.
489
What is the greatest common factor of 30293813 and 34?
17
What is the greatest common divisor of 583226 and 5656?
14
Calculate the highest common factor of 2617751256 and 24.
24
Calculate the greatest common factor of 11128 and 160524.
52
What is the highest common factor of 2050103 and 44?
11
What is the highest common divisor of 59486669 and 11?
11
Calculate the highest common divisor of 78944 and 6256.
16
Calculate the highest common factor of 339 and 505849359.
339
What is the highest common factor of 61510050 and 115?
115
Calculate the greatest common factor of 14315 and 112478681.
2863
What is the highest common divisor of 1416 and 51611430?
354
Calculate the greatest common factor of 1852 and 289271288.
1852
Calculate the greatest common factor of 64 and 2948496.
16
Calculate the greatest common factor of 357419 and 1469.
113
Calculate the highest common factor of 13549 and 4744541.
797
What is the highest common divisor of 714 and 1813644?
42
What is the highest common divisor of 1921 and 635205?
17
What is the highest common divisor of 269424623 and 923?
923
Calculate the highest common divisor of 3023659 and 3.
1
What is the greatest common factor of 274572 and 108315?
261
Calculate the highest common divisor of 22833 and 17332569.
387
Calculate the greatest common divisor of 365219 and 2846707.
5003
Calculate the highest common divisor of 3275 and 504481.
131
What is the greatest common divisor of 130720572 and 10755?
2151
What is the greatest common factor of 315609 and 1332261?
2793
Calculate the highest common divisor of 1725655 and 31240.
355
What is the highest common divisor of 2528 and 14327203?
79
Calculate the highest common divisor of 17589 and 48339.
123
What is the greatest common divisor of 2689174 and 17441?
163
What is the highest common factor of 4347 and 10547712?
189
What is the greatest common factor of 17963600 and 500?
100
Calculate the highest common divisor of 338 and 26575757.
169
Calculate the highest common divisor of 118 and 30218974.
118
What is the highest common divisor of 297360 and 75160?
40
Calculate the greatest common divisor of 3274385 and 20.
5
Calculate the highest common divisor of 168283 and 31977.
323
Calculate the highest common factor of 260 and 282138260.
20
Calculate the highest common divisor of 615 and 8058837.
123
Calculate the greatest common factor of 450250817 and 10767.
3589
Calculate the highest common factor of 38169378 and 234.
234
Calculate the greatest common divisor of 1266613 and 24231.
41
Calculate the greatest common factor of 564392296 and 104.
104
Calculate the highest common divisor of 19765940 and 35.
5
Calculate the greatest common divisor of 7771048 and 76.
4
What is the highest common factor of 1785 and 5916330?
105
Calculate the greatest common divisor of 1502938 and 152.
38
Calculate the highest common factor of 63868 and 7126.
14
Calculate the greatest common factor of 4 and 430987364.
4
What is the highest common factor of 484588 and 546?
26
What is the highest common factor of 417 and 255790302?
417
What is the greatest common divisor of 835312 and 21312?
592
What is the highest common factor of 148 and 26682772?
148
What is the highest common factor of 3090379 and 187?
17
What is the greatest common factor of 119655212 and 11744?
1468
What is the highest common divisor of 1056 and 812218?
22
Calculate the highest common divisor of 63 and 78415323.
21
What is the highest common factor of 10 and 16847018?
2
Calculate the highest common divisor of 1677623 and 238779.
617
What is the greatest common divisor of 769313 and 6751?
43
What is the greatest common divisor of 279966440 and 1040?
520
Calculate the highest common divisor of 2225 and 58110.
5
Calculate the greatest common factor of 13042 and 1034158869.
6521
What is the greatest common divisor of 661065 and 24?
3
Calculate the highest common divisor of 7931 and 723575.
103
Calculate the greatest common factor of 4701503 and 2533.
17
Calculate the greatest common divisor of 8 and 133910008.
8
Calculate the greatest common factor of 2945955 and 45.
15
What is the highest common factor of 136894 and 307?
1
Calculate the highest common divisor of 27642435 and 8740.
2185
What is the greatest common factor of 261029 and 3277?
29
What is the highest common factor of 166 and 3587011?
83
What is the highest common factor of 26740899 and 1665?
333
Calculate the highest common factor of 1177485 and 135.
15
What is the highest common factor of 240618 and 1651974?
2022
What is the highest common divisor of 2006208 and 21384?
1944
Calculate the highest common divisor of 125223168 and 448.
448
Calculate the greatest common divisor of 98604 and 53950.
166
What is the highest common factor of 56 and 3985916?
4
Calculate the highest common divisor of 11139682 and 14812.
1058
What is the highest common divisor of 36423211 and 2255?
451
Calculate the greatest common divisor of 3021648 and 94248.
2856
Calculate the greatest common factor of 10722936 and 4392360.
13944
What is the greatest common factor of 2094855 and 39263?
497
Calculate the highest common divisor of 108 and 33733860.
12
What is the highest common factor of 127775344 and 80?
16
What is the highest common divisor of 2629 and 224752?
11
What is the highest common divisor of 440 and 919094?
22
What is the greatest common factor of 25718014 and 30128?
3766
What is the greatest common factor of 1093 and 96904287?
1093
What is the highest common factor of 13002187 and 506?
11
What is the highest common factor of 1 and 333433?
1
Calculate the greatest common divisor of 27337020 and 4080.
1020
Calculate the highest common divisor of 3049970 and 165.
55
What is the greatest common divisor of 77418264 and 9240?
1848
Calculate the highest common factor of 3207 and 422589597.
3207
What is the greatest common divisor of 28990191 and 13827?
1257
Calculate the highest common divisor of 24276 and 40143936.
1428
Calculate the highest common divisor of 8082120 and 72145.
235
Calculate the greatest common divisor of 1539 and 933.
3
What is the greatest common divisor of 148827437 and 418?
209
Calculate the greatest common factor of 225514354 and 39448.
9862
What is the highest common divisor of 24512652 and 118876?
1052
Calculate the highest common factor of 9996 and 687497.
17
What is the highest common divisor of 9680 and 1694242?
242
Calculate the highest common divisor of 13800 and 20165700.
300
What is the highest common factor of 2233 and 729379?
203
What is the highest common factor of 287749 and 187?
11
What is the highest common divisor of 1036 and 44356858?
518
What is the greatest common divisor of 7448 and 21990220?
3724
What is the highest common divisor of 145733704 and 414?
46
What is the greatest common factor of 1477 and 203?
7
Calculate the greatest common divisor of 1320320 and 1460480.
640
Calculate the highest common factor of 50393871 and 73.
73
What is the highest common factor of 584 and 15623241?
73
Calculat